{"id":2480,"date":"2025-07-11T19:51:05","date_gmt":"2025-07-11T17:51:05","guid":{"rendered":"https:\/\/www.terresduson.com\/live\/?page_id=2480"},"modified":"2025-07-11T19:51:07","modified_gmt":"2025-07-11T17:51:07","slug":"politique-de-confidentialite-2","status":"publish","type":"page","link":"https:\/\/www.terresduson.com\/live\/politique-de-confidentialite-2\/","title":{"rendered":"Politique de confidentialit\u00e9"},"content":{"rendered":"\n<p>La pr\u00e9sente politique de traitement des donn\u00e9es personnelles, qui s\u2019applique quel que soit le moyen ou le support utilis\u00e9, pour acc\u00e9der au site \u00ab https:\/\/www.terresduson.com\/live \u00bb (ci-apr\u00e8s d\u00e9nomm\u00e9s le \u00ab Site \u00bb), expose les conditions dans lesquelles, lorsque vous utilisez ce Site, l\u2019Asso (pour Terres du son) collecte et utilise des donn\u00e9es personnelles vous concernant, ainsi que les choix dont vous disposez s\u2019agissant de la collecte, l\u2019utilisation et la divulgation de ces informations.<\/p>\n\n\n\n<p>En acc\u00e9dant et\/ou en utilisant ce Site, vous reconnaissez avoir lu, compris et accept\u00e9 d\u2019\u00eatre sujet \u00e0 toutes les conditions pr\u00e9vues par ce document. Si vous n\u2019\u00eates pas d\u2019accord avec cette politique, vous ne devez pas utiliser ce Site et ses services li\u00e9s et vous ne devriez pas communiquer vos donn\u00e9es personnelles.<\/p>\n\n\n\n<h2 class=\"wp-block-heading\">Article 1 \u2013 Identit\u00e9 de la personne qui collecte les donn\u00e9es<\/h2>\n\n\n\n<p>Le responsable du traitement des donn\u00e9es \u00e0 caract\u00e8re personnel est Pauline Ruby, Asso \u2013 Festival Terres du son<\/p>\n\n\n\n<h2 class=\"wp-block-heading\">Article 2 \u2013 Utilisation des donn\u00e9es personnelles collect\u00e9es<\/h2>\n\n\n\n<p>D\u2019une mani\u00e8re g\u00e9n\u00e9rale, vous pouvez naviguer sur ce Site sans vous identifier, ni communiquer de donn\u00e9es personnelles. Si vous d\u00e9cidez de mentionner des donn\u00e9es personnelles, celles-ci seront trait\u00e9es et stock\u00e9es conform\u00e9ment aux principes \u00e9nonc\u00e9s par le RGPD (R\u00e8glement G\u00e9n\u00e9ral sur la Protection des Donn\u00e9es), et ce exclusivement dans le but de traiter votre demande. Vous serez amen\u00e9 \u00e0 communiquer des donn\u00e9es personnelles pour contacter Terres du son.<\/p>\n\n\n\n<h2 class=\"wp-block-heading\">Article 3 \u2013 Les donn\u00e9es personnelles collect\u00e9es<\/h2>\n\n\n\n<p>Terres du son collecte de vous les donn\u00e9es personnelles suivantes :<\/p>\n\n\n\n<p>Votre nom, pr\u00e9nom ;<\/p>\n\n\n\n<p>Votre adresse email ;<\/p>\n\n\n\n<p>Un message si vous nous \u00e9crivez en contact ou des informations de billetterie si vous commandez des billets via notre billetterie;<\/p>\n\n\n\n<p>Certaines donn\u00e9es personnelles qui peuvent vous \u00eatre demand\u00e9es sont obligatoires. Le caract\u00e8re obligatoire est signal\u00e9 par un ast\u00e9risque \u00ab * \u00bb .<\/p>\n\n\n\n<h2 class=\"wp-block-heading\">Article 4 \u2013 Les finalit\u00e9s des collectes<\/h2>\n\n\n\n<p>Terres du son collecte les donn\u00e9es des utilisateurs du Site pour diff\u00e9rentes finalit\u00e9s :<\/p>\n\n\n\n<p>Concernant toutes demandes :<\/p>\n\n\n\n<p>Terres du son collecte les donn\u00e9es personnelles des clients pour g\u00e9rer leurs demandes de services, communiquer les devis, traiter les \u00e9ventuelles r\u00e9clamations. De plus, Terres du son pourra proc\u00e9der \u00e0 l\u2019analyse de vos donn\u00e9es afin d\u2019identifier les tendances d\u2019utilisation du Site et d\u00e9terminer l\u2019efficacit\u00e9 de son site et de ses services. Par ailleurs, ces donn\u00e9es seront conserv\u00e9es afin de respecter diverses obligations l\u00e9gales et r\u00e9glementaires notamment celles li\u00e9es \u00e0 une \u00e9ventuelle relation contractuelle.<\/p>\n\n\n\n<h2 class=\"wp-block-heading\">Article 5 \u2013 Les destinataires des donn\u00e9es personnelles collect\u00e9es<\/h2>\n\n\n\n<p>Les donn\u00e9es personnelles collect\u00e9es sont exclusivement destin\u00e9es \u00e0 Terres du son et restent confidentielles.<\/p>\n\n\n\n<h2 class=\"wp-block-heading\">Article 6 \u2013 Les m\u00e9canismes techniques mis en place pour s\u00e9curiser les donn\u00e9es personnelles<\/h2>\n\n\n\n<p>Vous reconnaissez que la s\u00e9curit\u00e9 totale sur le r\u00e9seau internet n\u2019existe pas. Cependant, Terres du son a mis en place des mesures standard de s\u00e9curit\u00e9 d\u2019ordre technique pour prot\u00e9ger les donn\u00e9es vous concernant contre tout acc\u00e8s non autoris\u00e9. En outre, Terres du son ne pourra en aucun cas \u00eatre tenu responsable d\u2019un quelconque piratage de vos donn\u00e9es si cela arrivait.<\/p>\n\n\n\n<h2 class=\"wp-block-heading\">Article 7 \u2013 Les droits sur les donn\u00e9es personnelles<\/h2>\n\n\n\n<p>Conform\u00e9ment \u00e0 la r\u00e9glementation applicable aux donn\u00e9es personnelles, vous pouvez demander \u00e0 recevoir un fichier contenant toutes les donn\u00e9es personnelles que le cabinet Terres du son poss\u00e8de \u00e0 votre sujet, incluant celles que vous lui avez fournies. Vous pouvez \u00e9galement demander la suppression des donn\u00e9es personnelles vous concernant. Cela ne prend pas en compte les donn\u00e9es stock\u00e9es \u00e0 des fins administratives, l\u00e9gales ou pour des raisons de s\u00e9curit\u00e9.<\/p>\n\n\n\n<h2 class=\"wp-block-heading\">Article 8 \u2013 La dur\u00e9e de conservation des donn\u00e9es personnelles<\/h2>\n\n\n\n<p>Les donn\u00e9es personnelles vous concernant seront conserv\u00e9es le temps n\u00e9cessaire \u00e0 la r\u00e9alisation des finalit\u00e9s d\u00e9crites ci-avant \u00e0 l\u2019article 4 du pr\u00e9sent document. Les donn\u00e9es utilis\u00e9es \u00e0 des fins d\u2019analyses sont supprim\u00e9es dans une dur\u00e9e maximale de deux ans. Au-del\u00e0 de cette dur\u00e9e, vos donn\u00e9es ne seront conserv\u00e9es que pour se conformer \u00e0 des obligations l\u00e9gales ou r\u00e9glementaires afin de permettre d\u2019\u00e9tablir la preuve d\u2019une ancienne relation contractuelle, mais en aucun cas \u00e0 des fins commerciales.<\/p>\n\n\n\n<h2 class=\"wp-block-heading\">Article 9 \u2013 Le traitement des donn\u00e9es personnelles par des sites internet tiers<\/h2>\n\n\n\n<p>Le pr\u00e9sent document s\u2019applique aux seules pages du Site par le biais desquelles Terres du son collecte certaines de vos donn\u00e9es personnelles et non pas aux sites Internet d\u00e9tenus par des tiers.<\/p>\n\n\n\n<p>Le Site peut contenir des liens vers d\u2019autres sites Internet ou vers des fonctionnalit\u00e9s qui ne sont pas soumis \u00e0 notre politique de traitement des donn\u00e9es personnelles et o\u00f9 les pratiques concernant les donn\u00e9es personnelles risquent d\u2019\u00eatre diff\u00e9rentes des n\u00f4tres. Terres du son ne poss\u00e8de, ni n\u2019exploite ces sites Internet. Outre le site \u00ab&nbsp;Live, la gazette de Terres du son&nbsp;\u00bb, seul site propri\u00e9t\u00e9 de Terres du son et li\u00e9 au site principal de Terres du son.<\/p>\n\n\n\n<p>Les utilisateurs devront prendre connaissance des avertissements sur la confidentialit\u00e9 mis \u00e0 disposition par les sites Internet, car Terres du son n\u2019est pas responsable et n\u2019a aucun contr\u00f4le sur les informations collect\u00e9es, utilis\u00e9es, divulgu\u00e9es et plus g\u00e9n\u00e9ralement trait\u00e9es par les sites Internet tiers.<\/p>\n\n\n\n<h2 class=\"wp-block-heading\">Article 10 \u2013 Politique du Site au sujet des cookies<\/h2>\n\n\n\n<p>Au cours de votre utilisation du Site, des Cookies peuvent \u00eatre d\u00e9pos\u00e9s sur votre terminal et notamment votre ordinateur, votre tablette ou encore votre smartphone. L\u2019utilisation de ces Cookies est soumise \u00e0 votre consentement expr\u00e8s, pr\u00e9alable et sp\u00e9cifique, avant qu\u2019ils ne puissent \u00eatre d\u00e9pos\u00e9s sur votre terminal d\u00e8s votre arriv\u00e9e sur le site de Terres du son.<\/p>\n\n\n\n<p>L\u2019obtention de votre consentement par le biais d\u2019une banni\u00e8re lors de votre premi\u00e8re connexion sur le Site et par votre consentement obligatoire avant tout envoi du formulaire de contact ; qui inclut d\u2019une part, une information claire et explicite sur les finalit\u00e9s pour lesquelles les cookies sont utilis\u00e9s, et d\u2019autre part, une information sur les moyens de s\u2019opposer \u00e0 l\u2019utilisation de Cookies.<\/p>\n\n\n\n<p>En utilisant le Site, vous acceptez donc l\u2019utilisation de Cookies en conform\u00e9ment au pr\u00e9sent document. Si vous n\u2019acceptez pas l\u2019utilisation de ces cookies et autres t\u00e9moins de connexion, vous pouvez les d\u00e9sactiver en suivant les instructions ci-dessous \u00e0 la rubrique \u00ab D\u00e9sactiver les Cookies\u00bb.<\/p>\n\n\n\n<h3 class=\"wp-block-heading\">10.1 \u2013 D\u00e9finition des Cookies<\/h3>\n\n\n\n<p>Les Cookies se pr\u00e9sentent sous forme de petits fichiers textes capables de vous identifier et de sauvegarder des informations d\u2019ordre technique (y compris des donn\u00e9es analytiques de type parcours).<\/p>\n\n\n\n<h3 class=\"wp-block-heading\">10.2 \u2013 Les types de Cookies utilis\u00e9s sur le Site<\/h3>\n\n\n\n<p>Terres du son est amen\u00e9 \u00e0 int\u00e9grer des Cookies qui l\u2019aident dans la gestion du Site et proposent des services suppl\u00e9mentaires. Ces Cookies ne sont pas n\u00e9cessaires pour l\u2019utilisation du Site. L\u2019utilisation de ces Cookies par ces tiers est soumise \u00e0 leurs propres conditions de traitement des donn\u00e9es personnelles et n\u2019est pas couverte par le pr\u00e9sent document. Ces Cookies tiers utilis\u00e9s sur le Site sont les suivants :<\/p>\n\n\n\n<p>Les Cookies de \u00ab mesure d\u2019audience \u00bb permettent d\u2019analyser le trafic, les tendances, les usages et rep\u00e9rer les dysfonctionnements du Site. Cela permet \u00e0 Terres du son d\u2019am\u00e9liorer votre exp\u00e9rience ainsi que la conception et le contenu du Site pour r\u00e9pondre \u00e0 vos besoins. Les Cookies sont :<\/p>\n\n\n\n<p>terresduson.com _ga (Google Analytics)<\/p>\n\n\n\n<p>Enregistre un identifiant unique utilis\u00e9 pour g\u00e9n\u00e9rer des donn\u00e9es statistiques sur la fa\u00e7on dont le visiteur utilise le site. Expiration apr\u00e8s 2 ans.<\/p>\n\n\n\n<p>terresduson.com _gat (Google Analytics)<\/p>\n\n\n\n<p>Utilis\u00e9 par Google Analytics pour diminuer radicalement le taux de requ\u00eates. Expiration apr\u00e8s la session.<\/p>\n\n\n\n<p>terresduson.com _gid (Google Analytics)<\/p>\n\n\n\n<p>Enregistre un identifiant unique utilis\u00e9 pour g\u00e9n\u00e9rer des donn\u00e9es statistiques sur la fa\u00e7on dont le visiteur utilise le site. Expiration apr\u00e8s la session.<\/p>\n\n\n\n<p>Ces Cookies sont \u00e9dit\u00e9s par Google Analytics, des services d\u2019analyse Web fourni par Google Inc. Google Analytics s\u2019appuie notamment sur les Cookies pour aider \u00e0 analyser les comportements des visiteurs sur notre Site. Google Inc. se sert de ces informations pour \u00e9valuer la navigation sur notre Site, d\u00e9duire des diff\u00e9rentes donn\u00e9es de tracking, compiler des rapports sur l\u2019activit\u00e9 du Site \u00e0 notre intention et pour fournir d\u2019autres services relatifs \u00e0 l\u2019activit\u00e9 du Site. Google peut \u00e9galement transf\u00e9rer ces informations \u00e0 des tiers lorsque cela lui est impos\u00e9 par la loi, ou lorsque des tiers traitent ces donn\u00e9es pour le compte de Google. Pour en savoir davantage sur l\u2019usage de ces cookies par Google Inc., vous \u00eates invit\u00e9 \u00e0 vous reporter \u00e0 la politique de confidentialit\u00e9 de Google concernant l\u2019utilisation des Cookies.<\/p>\n\n\n\n<p>Les Cookies \u00ab r\u00e9seaux sociaux \u00bb sont utilis\u00e9s pour vous permettre de partager les contenus du Site avec vos amis \u00e0 partir des boutons de partage Facebook, Twitter et Google Plus. Les \u00e9diteurs de r\u00e9seaux sociaux proc\u00e8dent ainsi au d\u00e9p\u00f4t de Cookies sur votre terminal afin d\u2019obtenir et recevoir des informations sur votre utilisation de ces services de partage. Pour en savoir davantage sur l\u2019usage de ces Cookies par les \u00e9diteurs de r\u00e9seaux sociaux, vous \u00eates invit\u00e9 \u00e0 vous reporter \u00e0 la politique de confidentialit\u00e9 des \u00e9diteurs de r\u00e9seaux sociaux.<\/p>\n\n\n\n<p>Les Cookies \u00ab WordPress \u00bb sont utilis\u00e9s si vous avez un compte et que vous vous connectez sur ce site, un cookie temporaire sera alors cr\u00e9\u00e9 afin de d\u00e9terminer si votre navigateur accepte les cookies. Il ne contient pas de donn\u00e9es personnelles et sera supprim\u00e9 automatiquement \u00e0 la fermeture de votre navigateur. Lorsque vous vous connecterez, sera mis en place un certain nombre de cookies pour enregistrer vos informations de connexion et vos pr\u00e9f\u00e9rences d\u2019\u00e9cran. La dur\u00e9e de vie d\u2019un cookie de connexion est de deux jours, celle d\u2019un cookie d\u2019option d\u2019\u00e9cran est d\u2019un an. Si vous cochez \u00ab Se souvenir de moi \u00bb, votre cookie de connexion sera conserv\u00e9 pendant deux semaines. Si vous vous d\u00e9connectez de votre compte, le cookie de connexion sera effac\u00e9. En modifiant ou en publiant un article, un cookie suppl\u00e9mentaire sera enregistr\u00e9 dans votre navigateur. Ce cookie ne comprend aucune donn\u00e9e personnelle. Il indique simplement l\u2019identifiant de l\u2019article que vous venez de modifier. Il expire au bout d\u2019un jour.<\/p>\n\n\n\n<h3 class=\"wp-block-heading\">10.3 \u2013 D\u00e9sactiver les Cookies<\/h3>\n\n\n\n<p>La plupart des navigateurs acceptent les cookies par d\u00e9faut. N\u00e9anmoins, vous pouvez \u00e0 tout moment r\u00e9gler votre navigateur afin d\u2019accepter ou refuser les Cookies au cas par cas ou bien les refuser syst\u00e9matiquement. Cependant nous d\u00e9clinons toute responsabilit\u00e9 pour les cons\u00e9quences li\u00e9es au fonctionnement d\u00e9grad\u00e9 du Site r\u00e9sultant de l\u2019impossibilit\u00e9 pour Terres du son d\u2019enregistrer ou de consulter les Cookies n\u00e9cessaires et que vous auriez refus\u00e9s ou supprim\u00e9s.<\/p>\n\n\n\n<p>\u00c0 titre d\u2019indication, vous trouverez ci-dessous des conseils pour d\u00e9sactiver les cookies sur votre terminal. En cas de difficult\u00e9, veuillez consulter la section \u00ab Aide \u00bb de votre navigateur o\u00f9 vous trouverez d\u2019autres renseignements sur la mani\u00e8re de vous opposer \u00e0 l\u2019utilisation des cookies et autres technologies similaires.<\/p>\n\n\n\n<p><strong>Pour Internet Explorer :<\/strong><\/p>\n\n\n\n<p><a href=\"http:\/\/windows.microsoft.com\/fr-FR\/windows-vista\/Block-or-allow-cookies\" target=\"_blank\" rel=\"noreferrer noopener\">http:\/\/windows.microsoft.com\/fr-FR\/windows-vista\/Block-or-allow-cookies<\/a><\/p>\n\n\n\n<p><strong>Pour Chrome :<\/strong><\/p>\n\n\n\n<p><a href=\"http:\/\/support.google.com\/chrome\/bin\/answer.py?hl=fr&amp;hlrm=en&amp;answer=95647\" target=\"_blank\" rel=\"noreferrer noopener\">http:\/\/support.google.com\/chrome\/bin\/answer.py?hl=fr&amp;hlrm=en&amp;answer=95647<\/a><\/p>\n\n\n\n<p><strong>Pour Firefox :<\/strong><\/p>\n\n\n\n<p><a href=\"http:\/\/support.mozilla.org\/fr\/kb\/Activer%20et%20d%C3%A9sactiver%20les%20cookies\" target=\"_blank\" rel=\"noreferrer noopener\">http:\/\/support.mozilla.org\/fr\/kb\/Activer%20et%20d%C3%A9sactiver%20les%20cookies<\/a><\/p>\n\n\n\n<p><strong>Pour Safari :<\/strong><\/p>\n\n\n\n<figure class=\"wp-block-embed\"><div class=\"wp-block-embed__wrapper\">\nhttps:\/\/support.apple.com\/kb\/ph21411?locale=fr_FR\n<\/div><\/figure>\n\n\n\n<h2 class=\"wp-block-heading\">Article 11 \u2013 Modification de la politique relative aux donn\u00e9es personnelles<\/h2>\n\n\n\n<p>Il est possible que Terres du son r\u00e9vise ou compl\u00e8te le pr\u00e9sent document, notamment pour prendre en compte de nouvelles finalit\u00e9s ou des changements de l\u00e9gislation. De telles modifications seront effectives \u00e0 partir de leur publication. Pour vous tenir inform\u00e9 des modifications apport\u00e9es, veuillez prendre r\u00e9guli\u00e8rement connaissance de la pr\u00e9sente page.<\/p>\n\n\n\n<h2 class=\"wp-block-heading\">Article 12 \u2013 Coordonn\u00e9es de contact<\/h2>\n\n\n\n<p>Pour toute remarque ou question relative \u00e0 ce document ou pour toute demande relative \u00e0 vos donn\u00e9es personnelles, vous pouvez contacter Terres du son en nous adressant :<\/p>\n\n\n\n<p>Un email \u00e0 <a href=\"mailto:contact@terresduson.com\">contact@terresduson.com<\/a><\/p>\n\n\n\n<p>Un courrier \u00e0 l\u2019adresse :<\/p>\n\n\n\n<p><strong>Association L\u2019Asso \u2013 Festival Terres du Son<\/strong><br>23 rue de la Morinerie<br>37700 Saint Pierre des Corps<br>T\u00e9l: 02 18 88 50 70<\/p>\n\n\n\n<p>Adressez votre courrier \u00e0 la coordinatrice du festival Terres du son : Pauline Ruby<\/p>\n","protected":false},"excerpt":{"rendered":"<p>La pr\u00e9sente politique de traitement des donn\u00e9es personnelles, qui s\u2019applique quel que soit le moyen ou le support utilis\u00e9, pour acc\u00e9der au site \u00ab https:\/\/www.terresduson.com\/live \u00bb (ci-apr\u00e8s d\u00e9nomm\u00e9s le \u00ab Site \u00bb), expose les conditions dans lesquelles, lorsque vous utilisez ce Site, l\u2019Asso (pour Terres du son) collecte et utilise des donn\u00e9es personnelles vous concernant, [&hellip;]<\/p>\n","protected":false},"author":1,"featured_media":0,"parent":0,"menu_order":0,"comment_status":"closed","ping_status":"closed","template":"","meta":{"_acf_changed":false,"footnotes":""},"class_list":["post-2480","page","type-page","status-publish","hentry"],"acf":[],"yoast_head":"<!-- This site is optimized with the Yoast SEO plugin v25.5 - https:\/\/yoast.com\/wordpress\/plugins\/seo\/ -->\n<title>Politique de confidentialit\u00e9 - Gazette live - Festival Terres du son<\/title>\n<meta name=\"robots\" content=\"index, follow, max-snippet:-1, max-image-preview:large, max-video-preview:-1\" \/>\n<link rel=\"canonical\" href=\"https:\/\/www.terresduson.com\/live\/politique-de-confidentialite-2\/\" \/>\n<meta property=\"og:locale\" content=\"fr_FR\" \/>\n<meta property=\"og:type\" content=\"article\" \/>\n<meta property=\"og:title\" content=\"Politique de confidentialit\u00e9 - Gazette live - Festival Terres du son\" \/>\n<meta property=\"og:description\" content=\"La pr\u00e9sente politique de traitement des donn\u00e9es personnelles, qui s\u2019applique quel que soit le moyen ou le support utilis\u00e9, pour acc\u00e9der au site \u00ab https:\/\/www.terresduson.com\/live \u00bb (ci-apr\u00e8s d\u00e9nomm\u00e9s le \u00ab Site \u00bb), expose les conditions dans lesquelles, lorsque vous utilisez ce Site, l\u2019Asso (pour Terres du son) collecte et utilise des donn\u00e9es personnelles vous concernant, [&hellip;]\" \/>\n<meta property=\"og:url\" content=\"https:\/\/www.terresduson.com\/live\/politique-de-confidentialite-2\/\" \/>\n<meta property=\"og:site_name\" content=\"Gazette live - Festival Terres du son\" \/>\n<meta property=\"article:publisher\" content=\"https:\/\/www.facebook.com\/festivalterresduson\/\" \/>\n<meta property=\"article:modified_time\" content=\"2025-07-11T17:51:07+00:00\" \/>\n<meta property=\"og:image\" content=\"https:\/\/www.terresduson.com\/live\/wp-content\/uploads\/2019\/07\/fb_tds2019w.jpg\" \/>\n\t<meta property=\"og:image:width\" content=\"1024\" \/>\n\t<meta property=\"og:image:height\" content=\"521\" \/>\n\t<meta property=\"og:image:type\" content=\"image\/jpeg\" \/>\n<meta name=\"twitter:card\" content=\"summary_large_image\" \/>\n<meta name=\"twitter:site\" content=\"@Terres_du_Son\" \/>\n<meta name=\"twitter:label1\" content=\"Dur\u00e9e de lecture estim\u00e9e\" \/>\n\t<meta name=\"twitter:data1\" content=\"10 minutes\" \/>\n<script type=\"application\/ld+json\" class=\"yoast-schema-graph\">{\"@context\":\"https:\/\/schema.org\",\"@graph\":[{\"@type\":\"WebPage\",\"@id\":\"https:\/\/www.terresduson.com\/live\/politique-de-confidentialite-2\/\",\"url\":\"https:\/\/www.terresduson.com\/live\/politique-de-confidentialite-2\/\",\"name\":\"Politique de confidentialit\u00e9 - Gazette live - Festival Terres du son\",\"isPartOf\":{\"@id\":\"https:\/\/www.terresduson.com\/live\/#website\"},\"datePublished\":\"2025-07-11T17:51:05+00:00\",\"dateModified\":\"2025-07-11T17:51:07+00:00\",\"breadcrumb\":{\"@id\":\"https:\/\/www.terresduson.com\/live\/politique-de-confidentialite-2\/#breadcrumb\"},\"inLanguage\":\"fr-FR\",\"potentialAction\":[{\"@type\":\"ReadAction\",\"target\":[\"https:\/\/www.terresduson.com\/live\/politique-de-confidentialite-2\/\"]}]},{\"@type\":\"BreadcrumbList\",\"@id\":\"https:\/\/www.terresduson.com\/live\/politique-de-confidentialite-2\/#breadcrumb\",\"itemListElement\":[{\"@type\":\"ListItem\",\"position\":1,\"name\":\"Accueil\",\"item\":\"https:\/\/www.terresduson.com\/live\/\"},{\"@type\":\"ListItem\",\"position\":2,\"name\":\"Politique de confidentialit\u00e9\"}]},{\"@type\":\"WebSite\",\"@id\":\"https:\/\/www.terresduson.com\/live\/#website\",\"url\":\"https:\/\/www.terresduson.com\/live\/\",\"name\":\"Gazette live - Festival Terres du son\",\"description\":\"11, 12, 13 juillet 2025\",\"publisher\":{\"@id\":\"https:\/\/www.terresduson.com\/live\/#organization\"},\"potentialAction\":[{\"@type\":\"SearchAction\",\"target\":{\"@type\":\"EntryPoint\",\"urlTemplate\":\"https:\/\/www.terresduson.com\/live\/?s={search_term_string}\"},\"query-input\":{\"@type\":\"PropertyValueSpecification\",\"valueRequired\":true,\"valueName\":\"search_term_string\"}}],\"inLanguage\":\"fr-FR\"},{\"@type\":\"Organization\",\"@id\":\"https:\/\/www.terresduson.com\/live\/#organization\",\"name\":\"Terres du son\",\"url\":\"https:\/\/www.terresduson.com\/live\/\",\"logo\":{\"@type\":\"ImageObject\",\"inLanguage\":\"fr-FR\",\"@id\":\"https:\/\/www.terresduson.com\/live\/#\/schema\/logo\/image\/\",\"url\":\"https:\/\/www.terresduson.com\/live\/wp-content\/uploads\/2018\/07\/bandeau_tds_live.png\",\"contentUrl\":\"https:\/\/www.terresduson.com\/live\/wp-content\/uploads\/2018\/07\/bandeau_tds_live.png\",\"width\":1024,\"height\":500,\"caption\":\"Terres du son\"},\"image\":{\"@id\":\"https:\/\/www.terresduson.com\/live\/#\/schema\/logo\/image\/\"},\"sameAs\":[\"https:\/\/www.facebook.com\/festivalterresduson\/\",\"https:\/\/x.com\/Terres_du_Son\",\"https:\/\/www.instagram.com\/terresduson\/\",\"https:\/\/www.youtube.com\/channel\/UCugRO-2-oo70oC9mf2iHWMA\"]}]}<\/script>\n<!-- \/ Yoast SEO plugin. -->","yoast_head_json":{"title":"Politique de confidentialit\u00e9 - Gazette live - Festival Terres du son","robots":{"index":"index","follow":"follow","max-snippet":"max-snippet:-1","max-image-preview":"max-image-preview:large","max-video-preview":"max-video-preview:-1"},"canonical":"https:\/\/www.terresduson.com\/live\/politique-de-confidentialite-2\/","og_locale":"fr_FR","og_type":"article","og_title":"Politique de confidentialit\u00e9 - Gazette live - Festival Terres du son","og_description":"La pr\u00e9sente politique de traitement des donn\u00e9es personnelles, qui s\u2019applique quel que soit le moyen ou le support utilis\u00e9, pour acc\u00e9der au site \u00ab https:\/\/www.terresduson.com\/live \u00bb (ci-apr\u00e8s d\u00e9nomm\u00e9s le \u00ab Site \u00bb), expose les conditions dans lesquelles, lorsque vous utilisez ce Site, l\u2019Asso (pour Terres du son) collecte et utilise des donn\u00e9es personnelles vous concernant, [&hellip;]","og_url":"https:\/\/www.terresduson.com\/live\/politique-de-confidentialite-2\/","og_site_name":"Gazette live - Festival Terres du son","article_publisher":"https:\/\/www.facebook.com\/festivalterresduson\/","article_modified_time":"2025-07-11T17:51:07+00:00","og_image":[{"width":1024,"height":521,"url":"https:\/\/www.terresduson.com\/live\/wp-content\/uploads\/2019\/07\/fb_tds2019w.jpg","type":"image\/jpeg"}],"twitter_card":"summary_large_image","twitter_site":"@Terres_du_Son","twitter_misc":{"Dur\u00e9e de lecture estim\u00e9e":"10 minutes"},"schema":{"@context":"https:\/\/schema.org","@graph":[{"@type":"WebPage","@id":"https:\/\/www.terresduson.com\/live\/politique-de-confidentialite-2\/","url":"https:\/\/www.terresduson.com\/live\/politique-de-confidentialite-2\/","name":"Politique de confidentialit\u00e9 - Gazette live - Festival Terres du son","isPartOf":{"@id":"https:\/\/www.terresduson.com\/live\/#website"},"datePublished":"2025-07-11T17:51:05+00:00","dateModified":"2025-07-11T17:51:07+00:00","breadcrumb":{"@id":"https:\/\/www.terresduson.com\/live\/politique-de-confidentialite-2\/#breadcrumb"},"inLanguage":"fr-FR","potentialAction":[{"@type":"ReadAction","target":["https:\/\/www.terresduson.com\/live\/politique-de-confidentialite-2\/"]}]},{"@type":"BreadcrumbList","@id":"https:\/\/www.terresduson.com\/live\/politique-de-confidentialite-2\/#breadcrumb","itemListElement":[{"@type":"ListItem","position":1,"name":"Accueil","item":"https:\/\/www.terresduson.com\/live\/"},{"@type":"ListItem","position":2,"name":"Politique de confidentialit\u00e9"}]},{"@type":"WebSite","@id":"https:\/\/www.terresduson.com\/live\/#website","url":"https:\/\/www.terresduson.com\/live\/","name":"Gazette live - Festival Terres du son","description":"11, 12, 13 juillet 2025","publisher":{"@id":"https:\/\/www.terresduson.com\/live\/#organization"},"potentialAction":[{"@type":"SearchAction","target":{"@type":"EntryPoint","urlTemplate":"https:\/\/www.terresduson.com\/live\/?s={search_term_string}"},"query-input":{"@type":"PropertyValueSpecification","valueRequired":true,"valueName":"search_term_string"}}],"inLanguage":"fr-FR"},{"@type":"Organization","@id":"https:\/\/www.terresduson.com\/live\/#organization","name":"Terres du son","url":"https:\/\/www.terresduson.com\/live\/","logo":{"@type":"ImageObject","inLanguage":"fr-FR","@id":"https:\/\/www.terresduson.com\/live\/#\/schema\/logo\/image\/","url":"https:\/\/www.terresduson.com\/live\/wp-content\/uploads\/2018\/07\/bandeau_tds_live.png","contentUrl":"https:\/\/www.terresduson.com\/live\/wp-content\/uploads\/2018\/07\/bandeau_tds_live.png","width":1024,"height":500,"caption":"Terres du son"},"image":{"@id":"https:\/\/www.terresduson.com\/live\/#\/schema\/logo\/image\/"},"sameAs":["https:\/\/www.facebook.com\/festivalterresduson\/","https:\/\/x.com\/Terres_du_Son","https:\/\/www.instagram.com\/terresduson\/","https:\/\/www.youtube.com\/channel\/UCugRO-2-oo70oC9mf2iHWMA"]}]}},"_links":{"self":[{"href":"https:\/\/www.terresduson.com\/live\/wp-json\/wp\/v2\/pages\/2480","targetHints":{"allow":["GET"]}}],"collection":[{"href":"https:\/\/www.terresduson.com\/live\/wp-json\/wp\/v2\/pages"}],"about":[{"href":"https:\/\/www.terresduson.com\/live\/wp-json\/wp\/v2\/types\/page"}],"author":[{"embeddable":true,"href":"https:\/\/www.terresduson.com\/live\/wp-json\/wp\/v2\/users\/1"}],"replies":[{"embeddable":true,"href":"https:\/\/www.terresduson.com\/live\/wp-json\/wp\/v2\/comments?post=2480"}],"version-history":[{"count":1,"href":"https:\/\/www.terresduson.com\/live\/wp-json\/wp\/v2\/pages\/2480\/revisions"}],"predecessor-version":[{"id":2481,"href":"https:\/\/www.terresduson.com\/live\/wp-json\/wp\/v2\/pages\/2480\/revisions\/2481"}],"wp:attachment":[{"href":"https:\/\/www.terresduson.com\/live\/wp-json\/wp\/v2\/media?parent=2480"}],"curies":[{"name":"wp","href":"https:\/\/api.w.org\/{rel}","templated":true}]}}