{"id":2477,"date":"2025-07-11T19:36:36","date_gmt":"2025-07-11T17:36:36","guid":{"rendered":"https:\/\/www.terresduson.com\/live\/?page_id=2477"},"modified":"2025-07-11T19:39:13","modified_gmt":"2025-07-11T17:39:13","slug":"mentions-legales","status":"publish","type":"page","link":"https:\/\/www.terresduson.com\/live\/mentions-legales\/","title":{"rendered":"Mentions l\u00e9gales"},"content":{"rendered":"\n<h2 class=\"wp-block-heading picdo\">\u00c9diteur<\/h2>\n\n\n\n<p><strong>Association \u00ab Association Spectacle Sport Organisation \u00bb \/ <\/strong><strong>Festival Terres du Son<\/strong><br>23 rue de la Morinerie, 37700 Saint-Pierre-des-Corps<br>T\u00e9l : 02 18 88 50 70<br>Mail : contact@terresduson.com<\/p>\n\n\n\n<p>Directeur de la publication : Arnaud GUEDET<br>Responsable de la r\u00e9daction : A.S.S.O.<br>Licence d\u2019entrepreneur de spectacles n\u00b03141852<\/p>\n\n\n\n<p>Le contenu r\u00e9daction est issu de diff\u00e9rentes sources lesquelles sont pr\u00e9cis\u00e9es dans chaque article.<\/p>\n\n\n\n<div style=\"height:46px\" aria-hidden=\"true\" class=\"wp-block-spacer\"><\/div>\n\n\n\n<h2 class=\"wp-block-heading picdo\">\u00c9quipe graphique et technique<\/h2>\n\n\n\n<p><strong>R\u00e9alisation identit\u00e9 graphique Terres du son 2025<\/strong> : <a href=\"https:\/\/www.nouvellecuisine.co\/\" target=\"_blank\" rel=\"noreferrer noopener\">Nouvelle Cuisine<\/a><br><strong>Conception \/ r\u00e9alisation du site internet<\/strong> : <a href=\"http:\/\/www.sansformat.com\" target=\"_blank\" rel=\"noreferrer noopener\">Sans Format<\/a> \u2013 Ludovic Evelin<\/p>\n\n\n\n<p><strong>Photographie :<\/strong> les visuels d&rsquo;illustrations proviennent pour la plupart de <a href=\"https:\/\/www.fabiengarou-photographie.com\/\">Fabien Garou<\/a>, photographe Officiel de Terres du son. Certains clich\u00e9s sont issus des prises de vues de nos b\u00e9n\u00e9voles, partenaires, stagiaires et apprentis.<br><strong>Webmaster \u2013 responsable contenu \u00e9ditorial<\/strong> : Pauline Ruby Rinquin et Julie Morvant (Terres du son)<br><strong>H\u00e9bergement<\/strong> : <a href=\"https:\/\/jmltechnology.fr\" target=\"_blank\" rel=\"noreferrer noopener\">JML Technology<\/a><\/p>\n\n\n\n<div style=\"height:46px\" aria-hidden=\"true\" class=\"wp-block-spacer\"><\/div>\n\n\n\n<h2 class=\"wp-block-heading picdo\">Droits d\u2019auteur<\/h2>\n\n\n\n<p>Ce site est la propri\u00e9t\u00e9 de l\u2019association \u00ab Association Spectacle Sport Organisation \u00bb \u2013 la r\u00e9servation du nom de domaine www.terresduson.com\/live a \u00e9t\u00e9 effectu\u00e9 conform\u00e9ment aux dispositions de l\u2019AFNIC.<br>L\u2019Association Spectacle Sport Organisation se r\u00e9serve tous les droits de propri\u00e9t\u00e9 intellectuelle sur ce site Internet ainsi que sur les informations mises \u00e0 disposition. L\u2019ensemble de ce site (images, photos, vid\u00e9os, sons, textes) rel\u00e8ve de la l\u00e9gislation fran\u00e7aise et internationale sur le droit d\u2019auteur et la propri\u00e9t\u00e9 intellectuelle.<br>Conform\u00e9ment aux dispositions sur la protection des droits d\u2019auteur et de l\u2019article L. 122-4 du Code de la propri\u00e9t\u00e9 intellectuelle, toute reproduction, imbrication, repr\u00e9sentation, diffusion ou rediffusion, totale et m\u00eame partielle d\u2019\u00e9l\u00e9ments graphiques, de la structure du site ou de contenus (des images, des photos, des vid\u00e9os et des sons) est strictement interdite sauf accord des parties.<\/p>\n\n\n\n<p>La copie des textes figurant sur www.terresduson.com\/live doit faire l\u2019autorisation au pr\u00e9alable expresse et respecter l\u2019int\u00e9grit\u00e9 des documents reproduits, la citation explicite de la source telle que \u00ab Avec l\u2019aimable autorisation des Terres du son \u2013 www.terresduson.com\/live. Tous droits r\u00e9serv\u00e9s. \u00bb, la gratuit\u00e9 de la diffusion.<\/p>\n\n\n\n<div style=\"height:32px\" aria-hidden=\"true\" class=\"wp-block-spacer\"><\/div>\n\n\n\n<h3 class=\"wp-block-heading\">Formalit\u00e9s de d\u00e9claration<\/h3>\n\n\n\n<p>Ce site fait l\u2019objet d\u2019une d\u00e9claration aupr\u00e8s de la CNIL (N\u00b01421555 ) pour les traitements des donn\u00e9es personnelles et nominatives.<br>Protection des donn\u00e9es \u00e0 caract\u00e8re personnel<\/p>\n\n\n\n<p>Les donn\u00e9es re\u00e7ues de votre part sont reprises dans les fichiers de l\u2019\u00ab Association Spectacle Sport Organisation \u00bb et servent uniquement \u00e0 r\u00e9pondre \u00e0 la demande d\u2019informations que vous avez introduite.<br>Conform\u00e9ment \u00e0 la loi informatique et libert\u00e9s du 6 janvier 1978 (art.34), vous disposez d\u2019un droit d\u2019acc\u00e8s, de modification, de rectification et de suppression des donn\u00e9es qui vous concernent. Pour l\u2019exercer, consultez la rubrique contact .<\/p>\n\n\n\n<div style=\"height:32px\" aria-hidden=\"true\" class=\"wp-block-spacer\"><\/div>\n\n\n\n<h3 class=\"wp-block-heading\">Cr\u00e9dits photographiques<\/h3>\n\n\n\n<p>Les photographies et clich\u00e9s ont \u00e9t\u00e9 pr\u00eat\u00e9s gracieusement \u00e0 titre promotionnel et informatif par leurs auteurs et ayants droit \u00e0 l\u2019association \u00ab Association Spectacle Sport Organisation \u00bb et ne peuvent \u00eatre copi\u00e9s ou exploit\u00e9s en aucun cas sur tout autre support ou r\u00e9seau.<\/p>\n\n\n\n<div style=\"height:32px\" aria-hidden=\"true\" class=\"wp-block-spacer\"><\/div>\n\n\n\n<h3 class=\"wp-block-heading\">Informations<\/h3>\n\n\n\n<p>L\u2019Association Spectacle Sport Organisation d\u00e9cline toute responsabilit\u00e9 pour les dommages pouvant r\u00e9sulter de l\u2019utilisation des informations de ce site Internet. Par cons\u00e9quent, vous \u00eates enti\u00e8rement responsable de l\u2019utilisation que vous faites de ces informations.<\/p>\n\n\n\n<div style=\"height:32px\" aria-hidden=\"true\" class=\"wp-block-spacer\"><\/div>\n\n\n\n<h3 class=\"wp-block-heading\">Liens et renvois<\/h3>\n\n\n\n<p>Ce site Internet contient des liens hypertextes vers d\u2019autres sites ainsi que des renvois \u00e0 d\u2019autres sources d\u2019information. Ces liens et sources d\u2019information sont mis \u00e0 votre disposition \u00e0 titre indicatif uniquement. L\u2019Association Spectacle Sport Organisation d\u00e9cline toute responsabilit\u00e9 pour les dommages pouvant r\u00e9sulter de la consultation des informations pr\u00e9sentes sur les autres sites ou dans d\u2019autres sources d\u2019information en g\u00e9n\u00e9ral, et auxquelles renvoie ce site.<\/p>\n\n\n\n<div style=\"height:32px\" aria-hidden=\"true\" class=\"wp-block-spacer\"><\/div>\n\n\n\n<h3 class=\"wp-block-heading\">Cookies<\/h3>\n\n\n\n<p>Un cookie est un petit fichier texte d\u00e9pos\u00e9 sur votre ordinateur lors de la visite ou de la consultation du site. Il a pour but de collecter des informations relatives \u00e0 votre navigation et permet d\u2019adresser des services adapt\u00e9es \u00e0 votre terminal. La suppression des cookies peut affecter des services ou fonctionnalit\u00e9s du site \/ Les cookies ont un r\u00f4le important pour votre exp\u00e9rience de navigation.<\/p>\n\n\n\n<p>Les cookies sont g\u00e9r\u00e9s par votre navigateur internet et sont anonymes, nous ne collectons pas de donn\u00e9es nominatives.<\/p>\n\n\n\n<div style=\"height:32px\" aria-hidden=\"true\" class=\"wp-block-spacer\"><\/div>\n\n\n\n<p><strong>Utilisation :<\/strong><\/p>\n\n\n\n<p>Les usages des cookies sont les suivants :<\/p>\n\n\n\n<p>Information statistiques sur le site<br>M\u00e9morisation de vos identifiants<br>Acc\u00e8s pr\u00e9f\u00e9rentiel sur les terminaux mobiles<br>Personnaliser les contenus publicitaires qui vous sont pr\u00e9sent\u00e9es<\/p>\n\n\n\n<div style=\"height:46px\" aria-hidden=\"true\" class=\"wp-block-spacer\"><\/div>\n\n\n\n<p><\/p>\n","protected":false},"excerpt":{"rendered":"<p>\u00c9diteur Association \u00ab Association Spectacle Sport Organisation \u00bb \/ Festival Terres du Son23 rue de la Morinerie, 37700 Saint-Pierre-des-CorpsT\u00e9l : 02 18 88 50 70Mail : contact@terresduson.com Directeur de la publication : Arnaud GUEDETResponsable de la r\u00e9daction : A.S.S.O.Licence d\u2019entrepreneur de spectacles n\u00b03141852 Le contenu r\u00e9daction est issu de diff\u00e9rentes sources lesquelles sont pr\u00e9cis\u00e9es dans [&hellip;]<\/p>\n","protected":false},"author":1,"featured_media":0,"parent":0,"menu_order":0,"comment_status":"closed","ping_status":"closed","template":"","meta":{"_acf_changed":false,"footnotes":""},"class_list":["post-2477","page","type-page","status-publish","hentry"],"acf":[],"yoast_head":"<!-- This site is optimized with the Yoast SEO plugin v25.5 - https:\/\/yoast.com\/wordpress\/plugins\/seo\/ -->\n<title>Mentions l\u00e9gales - Gazette live - Festival Terres du son<\/title>\n<meta name=\"robots\" content=\"index, follow, max-snippet:-1, max-image-preview:large, max-video-preview:-1\" \/>\n<link rel=\"canonical\" href=\"https:\/\/www.terresduson.com\/live\/mentions-legales\/\" \/>\n<meta property=\"og:locale\" content=\"fr_FR\" \/>\n<meta property=\"og:type\" content=\"article\" \/>\n<meta property=\"og:title\" content=\"Mentions l\u00e9gales - Gazette live - Festival Terres du son\" \/>\n<meta property=\"og:description\" content=\"\u00c9diteur Association \u00ab Association Spectacle Sport Organisation \u00bb \/ Festival Terres du Son23 rue de la Morinerie, 37700 Saint-Pierre-des-CorpsT\u00e9l : 02 18 88 50 70Mail : contact@terresduson.com Directeur de la publication : Arnaud GUEDETResponsable de la r\u00e9daction : A.S.S.O.Licence d\u2019entrepreneur de spectacles n\u00b03141852 Le contenu r\u00e9daction est issu de diff\u00e9rentes sources lesquelles sont pr\u00e9cis\u00e9es dans [&hellip;]\" \/>\n<meta property=\"og:url\" content=\"https:\/\/www.terresduson.com\/live\/mentions-legales\/\" \/>\n<meta property=\"og:site_name\" content=\"Gazette live - Festival Terres du son\" \/>\n<meta property=\"article:publisher\" content=\"https:\/\/www.facebook.com\/festivalterresduson\/\" \/>\n<meta property=\"article:modified_time\" content=\"2025-07-11T17:39:13+00:00\" \/>\n<meta property=\"og:image\" content=\"https:\/\/www.terresduson.com\/live\/wp-content\/uploads\/2019\/07\/fb_tds2019w.jpg\" \/>\n\t<meta property=\"og:image:width\" content=\"1024\" \/>\n\t<meta property=\"og:image:height\" content=\"521\" \/>\n\t<meta property=\"og:image:type\" content=\"image\/jpeg\" \/>\n<meta name=\"twitter:card\" content=\"summary_large_image\" \/>\n<meta name=\"twitter:site\" content=\"@Terres_du_Son\" \/>\n<meta name=\"twitter:label1\" content=\"Dur\u00e9e de lecture estim\u00e9e\" \/>\n\t<meta name=\"twitter:data1\" content=\"4 minutes\" \/>\n<script type=\"application\/ld+json\" class=\"yoast-schema-graph\">{\"@context\":\"https:\/\/schema.org\",\"@graph\":[{\"@type\":\"WebPage\",\"@id\":\"https:\/\/www.terresduson.com\/live\/mentions-legales\/\",\"url\":\"https:\/\/www.terresduson.com\/live\/mentions-legales\/\",\"name\":\"Mentions l\u00e9gales - Gazette live - Festival Terres du son\",\"isPartOf\":{\"@id\":\"https:\/\/www.terresduson.com\/live\/#website\"},\"datePublished\":\"2025-07-11T17:36:36+00:00\",\"dateModified\":\"2025-07-11T17:39:13+00:00\",\"breadcrumb\":{\"@id\":\"https:\/\/www.terresduson.com\/live\/mentions-legales\/#breadcrumb\"},\"inLanguage\":\"fr-FR\",\"potentialAction\":[{\"@type\":\"ReadAction\",\"target\":[\"https:\/\/www.terresduson.com\/live\/mentions-legales\/\"]}]},{\"@type\":\"BreadcrumbList\",\"@id\":\"https:\/\/www.terresduson.com\/live\/mentions-legales\/#breadcrumb\",\"itemListElement\":[{\"@type\":\"ListItem\",\"position\":1,\"name\":\"Accueil\",\"item\":\"https:\/\/www.terresduson.com\/live\/\"},{\"@type\":\"ListItem\",\"position\":2,\"name\":\"Mentions l\u00e9gales\"}]},{\"@type\":\"WebSite\",\"@id\":\"https:\/\/www.terresduson.com\/live\/#website\",\"url\":\"https:\/\/www.terresduson.com\/live\/\",\"name\":\"Gazette live - Festival Terres du son\",\"description\":\"11, 12, 13 juillet 2025\",\"publisher\":{\"@id\":\"https:\/\/www.terresduson.com\/live\/#organization\"},\"potentialAction\":[{\"@type\":\"SearchAction\",\"target\":{\"@type\":\"EntryPoint\",\"urlTemplate\":\"https:\/\/www.terresduson.com\/live\/?s={search_term_string}\"},\"query-input\":{\"@type\":\"PropertyValueSpecification\",\"valueRequired\":true,\"valueName\":\"search_term_string\"}}],\"inLanguage\":\"fr-FR\"},{\"@type\":\"Organization\",\"@id\":\"https:\/\/www.terresduson.com\/live\/#organization\",\"name\":\"Terres du son\",\"url\":\"https:\/\/www.terresduson.com\/live\/\",\"logo\":{\"@type\":\"ImageObject\",\"inLanguage\":\"fr-FR\",\"@id\":\"https:\/\/www.terresduson.com\/live\/#\/schema\/logo\/image\/\",\"url\":\"https:\/\/www.terresduson.com\/live\/wp-content\/uploads\/2018\/07\/bandeau_tds_live.png\",\"contentUrl\":\"https:\/\/www.terresduson.com\/live\/wp-content\/uploads\/2018\/07\/bandeau_tds_live.png\",\"width\":1024,\"height\":500,\"caption\":\"Terres du son\"},\"image\":{\"@id\":\"https:\/\/www.terresduson.com\/live\/#\/schema\/logo\/image\/\"},\"sameAs\":[\"https:\/\/www.facebook.com\/festivalterresduson\/\",\"https:\/\/x.com\/Terres_du_Son\",\"https:\/\/www.instagram.com\/terresduson\/\",\"https:\/\/www.youtube.com\/channel\/UCugRO-2-oo70oC9mf2iHWMA\"]}]}<\/script>\n<!-- \/ Yoast SEO plugin. -->","yoast_head_json":{"title":"Mentions l\u00e9gales - Gazette live - Festival Terres du son","robots":{"index":"index","follow":"follow","max-snippet":"max-snippet:-1","max-image-preview":"max-image-preview:large","max-video-preview":"max-video-preview:-1"},"canonical":"https:\/\/www.terresduson.com\/live\/mentions-legales\/","og_locale":"fr_FR","og_type":"article","og_title":"Mentions l\u00e9gales - Gazette live - Festival Terres du son","og_description":"\u00c9diteur Association \u00ab Association Spectacle Sport Organisation \u00bb \/ Festival Terres du Son23 rue de la Morinerie, 37700 Saint-Pierre-des-CorpsT\u00e9l : 02 18 88 50 70Mail : contact@terresduson.com Directeur de la publication : Arnaud GUEDETResponsable de la r\u00e9daction : A.S.S.O.Licence d\u2019entrepreneur de spectacles n\u00b03141852 Le contenu r\u00e9daction est issu de diff\u00e9rentes sources lesquelles sont pr\u00e9cis\u00e9es dans [&hellip;]","og_url":"https:\/\/www.terresduson.com\/live\/mentions-legales\/","og_site_name":"Gazette live - Festival Terres du son","article_publisher":"https:\/\/www.facebook.com\/festivalterresduson\/","article_modified_time":"2025-07-11T17:39:13+00:00","og_image":[{"width":1024,"height":521,"url":"https:\/\/www.terresduson.com\/live\/wp-content\/uploads\/2019\/07\/fb_tds2019w.jpg","type":"image\/jpeg"}],"twitter_card":"summary_large_image","twitter_site":"@Terres_du_Son","twitter_misc":{"Dur\u00e9e de lecture estim\u00e9e":"4 minutes"},"schema":{"@context":"https:\/\/schema.org","@graph":[{"@type":"WebPage","@id":"https:\/\/www.terresduson.com\/live\/mentions-legales\/","url":"https:\/\/www.terresduson.com\/live\/mentions-legales\/","name":"Mentions l\u00e9gales - Gazette live - Festival Terres du son","isPartOf":{"@id":"https:\/\/www.terresduson.com\/live\/#website"},"datePublished":"2025-07-11T17:36:36+00:00","dateModified":"2025-07-11T17:39:13+00:00","breadcrumb":{"@id":"https:\/\/www.terresduson.com\/live\/mentions-legales\/#breadcrumb"},"inLanguage":"fr-FR","potentialAction":[{"@type":"ReadAction","target":["https:\/\/www.terresduson.com\/live\/mentions-legales\/"]}]},{"@type":"BreadcrumbList","@id":"https:\/\/www.terresduson.com\/live\/mentions-legales\/#breadcrumb","itemListElement":[{"@type":"ListItem","position":1,"name":"Accueil","item":"https:\/\/www.terresduson.com\/live\/"},{"@type":"ListItem","position":2,"name":"Mentions l\u00e9gales"}]},{"@type":"WebSite","@id":"https:\/\/www.terresduson.com\/live\/#website","url":"https:\/\/www.terresduson.com\/live\/","name":"Gazette live - Festival Terres du son","description":"11, 12, 13 juillet 2025","publisher":{"@id":"https:\/\/www.terresduson.com\/live\/#organization"},"potentialAction":[{"@type":"SearchAction","target":{"@type":"EntryPoint","urlTemplate":"https:\/\/www.terresduson.com\/live\/?s={search_term_string}"},"query-input":{"@type":"PropertyValueSpecification","valueRequired":true,"valueName":"search_term_string"}}],"inLanguage":"fr-FR"},{"@type":"Organization","@id":"https:\/\/www.terresduson.com\/live\/#organization","name":"Terres du son","url":"https:\/\/www.terresduson.com\/live\/","logo":{"@type":"ImageObject","inLanguage":"fr-FR","@id":"https:\/\/www.terresduson.com\/live\/#\/schema\/logo\/image\/","url":"https:\/\/www.terresduson.com\/live\/wp-content\/uploads\/2018\/07\/bandeau_tds_live.png","contentUrl":"https:\/\/www.terresduson.com\/live\/wp-content\/uploads\/2018\/07\/bandeau_tds_live.png","width":1024,"height":500,"caption":"Terres du son"},"image":{"@id":"https:\/\/www.terresduson.com\/live\/#\/schema\/logo\/image\/"},"sameAs":["https:\/\/www.facebook.com\/festivalterresduson\/","https:\/\/x.com\/Terres_du_Son","https:\/\/www.instagram.com\/terresduson\/","https:\/\/www.youtube.com\/channel\/UCugRO-2-oo70oC9mf2iHWMA"]}]}},"_links":{"self":[{"href":"https:\/\/www.terresduson.com\/live\/wp-json\/wp\/v2\/pages\/2477","targetHints":{"allow":["GET"]}}],"collection":[{"href":"https:\/\/www.terresduson.com\/live\/wp-json\/wp\/v2\/pages"}],"about":[{"href":"https:\/\/www.terresduson.com\/live\/wp-json\/wp\/v2\/types\/page"}],"author":[{"embeddable":true,"href":"https:\/\/www.terresduson.com\/live\/wp-json\/wp\/v2\/users\/1"}],"replies":[{"embeddable":true,"href":"https:\/\/www.terresduson.com\/live\/wp-json\/wp\/v2\/comments?post=2477"}],"version-history":[{"count":2,"href":"https:\/\/www.terresduson.com\/live\/wp-json\/wp\/v2\/pages\/2477\/revisions"}],"predecessor-version":[{"id":2479,"href":"https:\/\/www.terresduson.com\/live\/wp-json\/wp\/v2\/pages\/2477\/revisions\/2479"}],"wp:attachment":[{"href":"https:\/\/www.terresduson.com\/live\/wp-json\/wp\/v2\/media?parent=2477"}],"curies":[{"name":"wp","href":"https:\/\/api.w.org\/{rel}","templated":true}]}}