{"version":"1.0","provider_name":"Gazette live - Festival Terres du son","provider_url":"https:\/\/www.terresduson.com\/live","title":"Micka\u00ebl Marteau charg\u00e9 de prog ! - Gazette live - Festival Terres du son","type":"rich","width":600,"height":338,"html":"<blockquote class=\"wp-embedded-content\" data-secret=\"SbnfWJ2na7\"><a href=\"https:\/\/www.terresduson.com\/live\/mickael-marteau-charge-de-prog\/\">Micka\u00ebl Marteau charg\u00e9 de prog !<\/a><\/blockquote><iframe sandbox=\"allow-scripts\" security=\"restricted\" src=\"https:\/\/www.terresduson.com\/live\/mickael-marteau-charge-de-prog\/embed\/#?secret=SbnfWJ2na7\" width=\"600\" height=\"338\" title=\"\u00ab\u00a0Micka\u00ebl Marteau charg\u00e9 de prog !\u00a0\u00bb &#8212; Gazette live - Festival Terres du son\" data-secret=\"SbnfWJ2na7\" frameborder=\"0\" marginwidth=\"0\" marginheight=\"0\" scrolling=\"no\" class=\"wp-embedded-content\"><\/iframe><script type=\"text\/javascript\">\n\/* <![CDATA[ *\/\n\/*! This file is auto-generated *\/\n!function(d,l){\"use strict\";l.querySelector&&d.addEventListener&&\"undefined\"!=typeof URL&&(d.wp=d.wp||{},d.wp.receiveEmbedMessage||(d.wp.receiveEmbedMessage=function(e){var t=e.data;if((t||t.secret||t.message||t.value)&&!\/[^a-zA-Z0-9]\/.test(t.secret)){for(var s,r,n,a=l.querySelectorAll('iframe[data-secret=\"'+t.secret+'\"]'),o=l.querySelectorAll('blockquote[data-secret=\"'+t.secret+'\"]'),c=new RegExp(\"^https?:$\",\"i\"),i=0;i<o.length;i++)o[i].style.display=\"none\";for(i=0;i<a.length;i++)s=a[i],e.source===s.contentWindow&&(s.removeAttribute(\"style\"),\"height\"===t.message?(1e3<(r=parseInt(t.value,10))?r=1e3:~~r<200&&(r=200),s.height=r):\"link\"===t.message&&(r=new URL(s.getAttribute(\"src\")),n=new URL(t.value),c.test(n.protocol))&&n.host===r.host&&l.activeElement===s&&(d.top.location.href=t.value))}},d.addEventListener(\"message\",d.wp.receiveEmbedMessage,!1),l.addEventListener(\"DOMContentLoaded\",function(){for(var e,t,s=l.querySelectorAll(\"iframe.wp-embedded-content\"),r=0;r<s.length;r++)(t=(e=s[r]).getAttribute(\"data-secret\"))||(t=Math.random().toString(36).substring(2,12),e.src+=\"#?secret=\"+t,e.setAttribute(\"data-secret\",t)),e.contentWindow.postMessage({message:\"ready\",secret:t},\"*\")},!1)))}(window,document);\n\/* ]]> *\/\n<\/script>\n","thumbnail_url":"https:\/\/www.terresduson.com\/live\/wp-content\/uploads\/2019\/07\/fb_tds2019w.jpg","thumbnail_width":1024,"thumbnail_height":521,"description":"Autrice : Aude O | Cr\u00e9dits photo : Co. photographi &#8211; Antoine Lavergne \u00c0 l\u2019occasion des 20 ans de Terres du Son, nous avons rencontr\u00e9 Micka\u00ebl Marteau, charg\u00e9 de la programmation et de la production. Il revient avec nous sur son parcours, les coulisses du festival et la philosophie derri\u00e8re la programmation. Peux-tu te pr\u00e9senter [&hellip;]"}

Mickaël Marteau chargé de prog ! - Gazette live - Festival Terres du son

<blockquote class="wp-embedded-content" data-secret="SbnfWJ2na7"><a href="https://www.terresduson.com/live/mickael-marteau-charge-de-prog/">Mickaël Marteau chargé de prog !</a></blockquote><iframe sandbox="allow-scripts" security="restricted" src="https://www.terresduson.com/live/mickael-marteau-charge-de-prog/embed/#?secret=SbnfWJ2na7" width="600" height="338" title="« Mickaël Marteau chargé de prog ! » &#8212; Gazette live - Festival Terres du son" data-secret="SbnfWJ2na7" frameborder="0" marginwidth="0" marginheight="0" scrolling="no" class="wp-embedded-content"></iframe><script type="text/javascript">
/* <![CDATA[ */
/*! This file is auto-generated */
!function(d,l){"use strict";l.querySelector&&d.addEventListener&&"undefined"!=typeof URL&&(d.wp=d.wp||{},d.wp.receiveEmbedMessage||(d.wp.receiveEmbedMessage=function(e){var t=e.data;if((t||t.secret||t.message||t.value)&&!/[^a-zA-Z0-9]/.test(t.secret)){for(var s,r,n,a=l.querySelectorAll('iframe[data-secret="'+t.secret+'"]'),o=l.querySelectorAll('blockquote[data-secret="'+t.secret+'"]'),c=new RegExp("^https?:$","i"),i=0;i<o.length;i++)o[i].style.display="none";for(i=0;i<a.length;i++)s=a[i],e.source===s.contentWindow&&(s.removeAttribute("style"),"height"===t.message?(1e3<(r=parseInt(t.value,10))?r=1e3:~~r<200&&(r=200),s.height=r):"link"===t.message&&(r=new URL(s.getAttribute("src")),n=new URL(t.value),c.test(n.protocol))&&n.host===r.host&&l.activeElement===s&&(d.top.location.href=t.value))}},d.addEventListener("message",d.wp.receiveEmbedMessage,!1),l.addEventListener("DOMContentLoaded",function(){for(var e,t,s=l.querySelectorAll("iframe.wp-embedded-content"),r=0;r<s.length;r++)(t=(e=s[r]).getAttribute("data-secret"))||(t=Math.random().toString(36).substring(2,12),e.src+="#?secret="+t,e.setAttribute("data-secret",t)),e.contentWindow.postMessage({message:"ready",secret:t},"*")},!1)))}(window,document);
/* ]]> */
</script>

Autrice : Aude O | Crédits photo : Co. photographi &#8211; Antoine Lavergne À l’occasion des 20 ans de Terres du Son, nous avons rencontré Mickaël Marteau, chargé de la programmation et de la production. Il revient avec nous sur son parcours, les coulisses du festival et la philosophie derrière la programmation. Peux-tu te présenter [&hellip;]
