{"version":"1.0","provider_name":"Gazette live - Festival Terres du son","provider_url":"https:\/\/www.terresduson.com\/live","title":"Les stands sur l'\u00e9co-village ! - Gazette live - Festival Terres du son","type":"rich","width":600,"height":338,"html":"<blockquote class=\"wp-embedded-content\" data-secret=\"INKMm9nSGA\"><a href=\"https:\/\/www.terresduson.com\/live\/les-stands-sur-leco-village\/\">Les stands sur l&rsquo;\u00e9co-village !<\/a><\/blockquote><iframe sandbox=\"allow-scripts\" security=\"restricted\" src=\"https:\/\/www.terresduson.com\/live\/les-stands-sur-leco-village\/embed\/#?secret=INKMm9nSGA\" width=\"600\" height=\"338\" title=\"\u00ab\u00a0Les stands sur l&rsquo;\u00e9co-village !\u00a0\u00bb &#8212; Gazette live - Festival Terres du son\" data-secret=\"INKMm9nSGA\" frameborder=\"0\" marginwidth=\"0\" marginheight=\"0\" scrolling=\"no\" class=\"wp-embedded-content\"><\/iframe><script type=\"text\/javascript\">\n\/* <![CDATA[ *\/\n\/*! This file is auto-generated *\/\n!function(d,l){\"use strict\";l.querySelector&&d.addEventListener&&\"undefined\"!=typeof URL&&(d.wp=d.wp||{},d.wp.receiveEmbedMessage||(d.wp.receiveEmbedMessage=function(e){var t=e.data;if((t||t.secret||t.message||t.value)&&!\/[^a-zA-Z0-9]\/.test(t.secret)){for(var s,r,n,a=l.querySelectorAll('iframe[data-secret=\"'+t.secret+'\"]'),o=l.querySelectorAll('blockquote[data-secret=\"'+t.secret+'\"]'),c=new RegExp(\"^https?:$\",\"i\"),i=0;i<o.length;i++)o[i].style.display=\"none\";for(i=0;i<a.length;i++)s=a[i],e.source===s.contentWindow&&(s.removeAttribute(\"style\"),\"height\"===t.message?(1e3<(r=parseInt(t.value,10))?r=1e3:~~r<200&&(r=200),s.height=r):\"link\"===t.message&&(r=new URL(s.getAttribute(\"src\")),n=new URL(t.value),c.test(n.protocol))&&n.host===r.host&&l.activeElement===s&&(d.top.location.href=t.value))}},d.addEventListener(\"message\",d.wp.receiveEmbedMessage,!1),l.addEventListener(\"DOMContentLoaded\",function(){for(var e,t,s=l.querySelectorAll(\"iframe.wp-embedded-content\"),r=0;r<s.length;r++)(t=(e=s[r]).getAttribute(\"data-secret\"))||(t=Math.random().toString(36).substring(2,12),e.src+=\"#?secret=\"+t,e.setAttribute(\"data-secret\",t)),e.contentWindow.postMessage({message:\"ready\",secret:t},\"*\")},!1)))}(window,document);\n\/* ]]> *\/\n<\/script>\n","thumbnail_url":"https:\/\/www.terresduson.com\/live\/wp-content\/uploads\/2019\/07\/fb_tds2019w.jpg","thumbnail_width":1024,"thumbnail_height":521,"description":"[\ud83c\udf3f \u00c9CO-VILLAGE \u2013 LES ASSOS SONT L\u00c0 !]Conna\u00eetre, comprendre, agir : au c\u0153ur de Terres du Son, l\u2019\u00c9co-Village rassemble chaque ann\u00e9e des dizaines d\u2019associations engag\u00e9es venues partager leurs savoirs, leurs luttes et leurs id\u00e9es \ud83d\udcacClimat, \u00e9galit\u00e9, solidarit\u00e9s, sant\u00e9, droits, biodiversit\u00e9, alternatives concr\u00e8tes\u2026 autant de sujets \u00e0 d\u00e9couvrir dans un esprit de dialogue, de p\u00e9dagogie et [&hellip;]"}

Les stands sur l'éco-village ! - Gazette live - Festival Terres du son

<blockquote class="wp-embedded-content" data-secret="INKMm9nSGA"><a href="https://www.terresduson.com/live/les-stands-sur-leco-village/">Les stands sur l&rsquo;éco-village !</a></blockquote><iframe sandbox="allow-scripts" security="restricted" src="https://www.terresduson.com/live/les-stands-sur-leco-village/embed/#?secret=INKMm9nSGA" width="600" height="338" title="« Les stands sur l&rsquo;éco-village ! » &#8212; Gazette live - Festival Terres du son" data-secret="INKMm9nSGA" frameborder="0" marginwidth="0" marginheight="0" scrolling="no" class="wp-embedded-content"></iframe><script type="text/javascript">
/* <![CDATA[ */
/*! This file is auto-generated */
!function(d,l){"use strict";l.querySelector&&d.addEventListener&&"undefined"!=typeof URL&&(d.wp=d.wp||{},d.wp.receiveEmbedMessage||(d.wp.receiveEmbedMessage=function(e){var t=e.data;if((t||t.secret||t.message||t.value)&&!/[^a-zA-Z0-9]/.test(t.secret)){for(var s,r,n,a=l.querySelectorAll('iframe[data-secret="'+t.secret+'"]'),o=l.querySelectorAll('blockquote[data-secret="'+t.secret+'"]'),c=new RegExp("^https?:$","i"),i=0;i<o.length;i++)o[i].style.display="none";for(i=0;i<a.length;i++)s=a[i],e.source===s.contentWindow&&(s.removeAttribute("style"),"height"===t.message?(1e3<(r=parseInt(t.value,10))?r=1e3:~~r<200&&(r=200),s.height=r):"link"===t.message&&(r=new URL(s.getAttribute("src")),n=new URL(t.value),c.test(n.protocol))&&n.host===r.host&&l.activeElement===s&&(d.top.location.href=t.value))}},d.addEventListener("message",d.wp.receiveEmbedMessage,!1),l.addEventListener("DOMContentLoaded",function(){for(var e,t,s=l.querySelectorAll("iframe.wp-embedded-content"),r=0;r<s.length;r++)(t=(e=s[r]).getAttribute("data-secret"))||(t=Math.random().toString(36).substring(2,12),e.src+="#?secret="+t,e.setAttribute("data-secret",t)),e.contentWindow.postMessage({message:"ready",secret:t},"*")},!1)))}(window,document);
/* ]]> */
</script>

[🌿 ÉCO-VILLAGE – LES ASSOS SONT LÀ !]Connaître, comprendre, agir : au cœur de Terres du Son, l’Éco-Village rassemble chaque année des dizaines d’associations engagées venues partager leurs savoirs, leurs luttes et leurs idées 💬Climat, égalité, solidarités, santé, droits, biodiversité, alternatives concrètes… autant de sujets à découvrir dans un esprit de dialogue, de pédagogie et [&hellip;]
