{"version":"1.0","provider_name":"Gazette live - Festival Terres du son","provider_url":"https:\/\/www.terresduson.com\/live","title":"Julie Morvant, la com' de TDS - Gazette live - Festival Terres du son","type":"rich","width":600,"height":338,"html":"<blockquote class=\"wp-embedded-content\" data-secret=\"Qj5PdcHqOK\"><a href=\"https:\/\/www.terresduson.com\/live\/julie-morvant-la-com-de-tds\/\">Julie Morvant, la com&rsquo; de TDS<\/a><\/blockquote><iframe sandbox=\"allow-scripts\" security=\"restricted\" src=\"https:\/\/www.terresduson.com\/live\/julie-morvant-la-com-de-tds\/embed\/#?secret=Qj5PdcHqOK\" width=\"600\" height=\"338\" title=\"\u00ab\u00a0Julie Morvant, la com&rsquo; de TDS\u00a0\u00bb &#8212; Gazette live - Festival Terres du son\" data-secret=\"Qj5PdcHqOK\" frameborder=\"0\" marginwidth=\"0\" marginheight=\"0\" scrolling=\"no\" class=\"wp-embedded-content\"><\/iframe><script type=\"text\/javascript\">\n\/* <![CDATA[ *\/\n\/*! This file is auto-generated *\/\n!function(d,l){\"use strict\";l.querySelector&&d.addEventListener&&\"undefined\"!=typeof URL&&(d.wp=d.wp||{},d.wp.receiveEmbedMessage||(d.wp.receiveEmbedMessage=function(e){var t=e.data;if((t||t.secret||t.message||t.value)&&!\/[^a-zA-Z0-9]\/.test(t.secret)){for(var s,r,n,a=l.querySelectorAll('iframe[data-secret=\"'+t.secret+'\"]'),o=l.querySelectorAll('blockquote[data-secret=\"'+t.secret+'\"]'),c=new RegExp(\"^https?:$\",\"i\"),i=0;i<o.length;i++)o[i].style.display=\"none\";for(i=0;i<a.length;i++)s=a[i],e.source===s.contentWindow&&(s.removeAttribute(\"style\"),\"height\"===t.message?(1e3<(r=parseInt(t.value,10))?r=1e3:~~r<200&&(r=200),s.height=r):\"link\"===t.message&&(r=new URL(s.getAttribute(\"src\")),n=new URL(t.value),c.test(n.protocol))&&n.host===r.host&&l.activeElement===s&&(d.top.location.href=t.value))}},d.addEventListener(\"message\",d.wp.receiveEmbedMessage,!1),l.addEventListener(\"DOMContentLoaded\",function(){for(var e,t,s=l.querySelectorAll(\"iframe.wp-embedded-content\"),r=0;r<s.length;r++)(t=(e=s[r]).getAttribute(\"data-secret\"))||(t=Math.random().toString(36).substring(2,12),e.src+=\"#?secret=\"+t,e.setAttribute(\"data-secret\",t)),e.contentWindow.postMessage({message:\"ready\",secret:t},\"*\")},!1)))}(window,document);\n\/* ]]> *\/\n<\/script>\n","thumbnail_url":"https:\/\/www.terresduson.com\/live\/wp-content\/uploads\/2019\/07\/fb_tds2019w.jpg","thumbnail_width":1024,"thumbnail_height":521,"description":"Autrice : Aude O | Cr\u00e9dit photos : Lonashoot \/ Co. photographi Julie Morvant : \u00ab La communication, c\u2019est l\u2019\u00e9cho de l\u2019engagement du festival \u00bb \u00c0 l\u2019occasion de cette \u00e9dition anniversaire, Julie Morvant, charg\u00e9e de communication et des relations presse du festival Terres du Son, revient sur les coulisses de son m\u00e9tier, les engagements \u00e9cologiques [&hellip;]"}

Autrice : Aude O | Crédit photos : Lonashoot / Co. photographi Julie Morvant : « La communication, c’est l’écho de l’engagement du festival » À l’occasion de cette édition anniversaire, Julie Morvant, chargée de communication et des relations presse du festival Terres du Son, revient sur les coulisses de son métier, les engagements écologiques [&hellip;]
