{"version":"1.0","provider_name":"Gazette live - Festival Terres du son","provider_url":"https:\/\/www.terresduson.com\/live","title":"B\u00e9nin international musical - Gazette live - Festival Terres du son","type":"rich","width":600,"height":338,"html":"<blockquote class=\"wp-embedded-content\" data-secret=\"B6cN6lORPI\"><a href=\"https:\/\/www.terresduson.com\/live\/benin-international-musical\/\">B\u00e9nin international musical<\/a><\/blockquote><iframe sandbox=\"allow-scripts\" security=\"restricted\" src=\"https:\/\/www.terresduson.com\/live\/benin-international-musical\/embed\/#?secret=B6cN6lORPI\" width=\"600\" height=\"338\" title=\"\u00ab\u00a0B\u00e9nin international musical\u00a0\u00bb &#8212; Gazette live - Festival Terres du son\" data-secret=\"B6cN6lORPI\" frameborder=\"0\" marginwidth=\"0\" marginheight=\"0\" scrolling=\"no\" class=\"wp-embedded-content\"><\/iframe><script type=\"text\/javascript\">\n\/* <![CDATA[ *\/\n\/*! This file is auto-generated *\/\n!function(d,l){\"use strict\";l.querySelector&&d.addEventListener&&\"undefined\"!=typeof URL&&(d.wp=d.wp||{},d.wp.receiveEmbedMessage||(d.wp.receiveEmbedMessage=function(e){var t=e.data;if((t||t.secret||t.message||t.value)&&!\/[^a-zA-Z0-9]\/.test(t.secret)){for(var s,r,n,a=l.querySelectorAll('iframe[data-secret=\"'+t.secret+'\"]'),o=l.querySelectorAll('blockquote[data-secret=\"'+t.secret+'\"]'),c=new RegExp(\"^https?:$\",\"i\"),i=0;i<o.length;i++)o[i].style.display=\"none\";for(i=0;i<a.length;i++)s=a[i],e.source===s.contentWindow&&(s.removeAttribute(\"style\"),\"height\"===t.message?(1e3<(r=parseInt(t.value,10))?r=1e3:~~r<200&&(r=200),s.height=r):\"link\"===t.message&&(r=new URL(s.getAttribute(\"src\")),n=new URL(t.value),c.test(n.protocol))&&n.host===r.host&&l.activeElement===s&&(d.top.location.href=t.value))}},d.addEventListener(\"message\",d.wp.receiveEmbedMessage,!1),l.addEventListener(\"DOMContentLoaded\",function(){for(var e,t,s=l.querySelectorAll(\"iframe.wp-embedded-content\"),r=0;r<s.length;r++)(t=(e=s[r]).getAttribute(\"data-secret\"))||(t=Math.random().toString(36).substring(2,12),e.src+=\"#?secret=\"+t,e.setAttribute(\"data-secret\",t)),e.contentWindow.postMessage({message:\"ready\",secret:t},\"*\")},!1)))}(window,document);\n\/* ]]> *\/\n<\/script>\n","thumbnail_url":"https:\/\/www.terresduson.com\/live\/wp-content\/uploads\/2019\/07\/fb_tds2019w.jpg","thumbnail_width":1024,"thumbnail_height":521,"description":"Autrices : Loicia F.et Charline L. | Cr\u00e9dit Photos : Chlo\u00e9 Viratelle La gazette de Terres du son a eu la chance d\u2019avoir pu \u00e9changer quelques instants avec Amessiamey et Jimmy Belah. En abordant les diff\u00e9rentes sonorit\u00e9s b\u00e9ninoises, les deux artistes ont pr\u00e9sent\u00e9 leur collectif. Ils se r\u00e9approprient des rythmes vodouns \u00e0 travers des tonalit\u00e9s [&hellip;]"}

Bénin international musical - Gazette live - Festival Terres du son

<blockquote class="wp-embedded-content" data-secret="B6cN6lORPI"><a href="https://www.terresduson.com/live/benin-international-musical/">Bénin international musical</a></blockquote><iframe sandbox="allow-scripts" security="restricted" src="https://www.terresduson.com/live/benin-international-musical/embed/#?secret=B6cN6lORPI" width="600" height="338" title="« Bénin international musical » &#8212; Gazette live - Festival Terres du son" data-secret="B6cN6lORPI" frameborder="0" marginwidth="0" marginheight="0" scrolling="no" class="wp-embedded-content"></iframe><script type="text/javascript">
/* <![CDATA[ */
/*! This file is auto-generated */
!function(d,l){"use strict";l.querySelector&&d.addEventListener&&"undefined"!=typeof URL&&(d.wp=d.wp||{},d.wp.receiveEmbedMessage||(d.wp.receiveEmbedMessage=function(e){var t=e.data;if((t||t.secret||t.message||t.value)&&!/[^a-zA-Z0-9]/.test(t.secret)){for(var s,r,n,a=l.querySelectorAll('iframe[data-secret="'+t.secret+'"]'),o=l.querySelectorAll('blockquote[data-secret="'+t.secret+'"]'),c=new RegExp("^https?:$","i"),i=0;i<o.length;i++)o[i].style.display="none";for(i=0;i<a.length;i++)s=a[i],e.source===s.contentWindow&&(s.removeAttribute("style"),"height"===t.message?(1e3<(r=parseInt(t.value,10))?r=1e3:~~r<200&&(r=200),s.height=r):"link"===t.message&&(r=new URL(s.getAttribute("src")),n=new URL(t.value),c.test(n.protocol))&&n.host===r.host&&l.activeElement===s&&(d.top.location.href=t.value))}},d.addEventListener("message",d.wp.receiveEmbedMessage,!1),l.addEventListener("DOMContentLoaded",function(){for(var e,t,s=l.querySelectorAll("iframe.wp-embedded-content"),r=0;r<s.length;r++)(t=(e=s[r]).getAttribute("data-secret"))||(t=Math.random().toString(36).substring(2,12),e.src+="#?secret="+t,e.setAttribute("data-secret",t)),e.contentWindow.postMessage({message:"ready",secret:t},"*")},!1)))}(window,document);
/* ]]> */
</script>

Autrices : Loicia F.et Charline L. | Crédit Photos : Chloé Viratelle La gazette de Terres du son a eu la chance d’avoir pu échanger quelques instants avec Amessiamey et Jimmy Belah. En abordant les différentes sonorités béninoises, les deux artistes ont présenté leur collectif. Ils se réapproprient des rythmes vodouns à travers des tonalités [&hellip;]
